 base 14, what is 26343 - -23?
26366
In base 2, what is 1110 + -10100101110100?
-10100101100110
In base 7, what is 112 - 12136?
-12024
In base 16, what is -a03ca + -5?
-a03cf
In base 11, what is -25 - -1574?
154a
In base 3, what is -2110222202 - 1?
-2110222210
In base 6, what is 10255 - 212?
10043
In base 10, what is -3 + 38441?
38438
In base 14, what is -34 - 571?
-5a5
In base 11, what is 5 - -28434?
28439
In base 4, what is 1013012 + -33000?
320012
In base 7, what is 5 - -2640610?
2640615
In base 3, what is 10 + 200220021002?
200220021012
In base 10, what is 3 - -10925?
10928
In base 5, what is -324331 + -3?
-324334
In base 6, what is 2 + 234022?
234024
In base 9, what is -5 + -768017?
-768023
In base 5, what is -24 - 43132?
-43211
In base 15, what is 941 + -2e?
912
In base 10, what is 21921 - -50?
21971
In base 9, what is 20 - -15270?
15300
In base 6, what is 144005 + 10?
144015
In base 7, what is -3 - -160656?
160653
In base 10, what is -2 + -214525?
-214527
In base 16, what is 1d5 + ef?
2c4
In base 15, what is -182 - -eb?
-86
In base 9, what is -2420 + -1520?
-4040
In base 11, what is -84535 - -4?
-84531
In base 5, what is 0 + 142331?
142331
In base 7, what is -10451 + -310?
-11061
In base 16, what is -4 + -48ea?
-48ee
In base 15, what is -31 + -3c?
-6d
In base 14, what is -1c0a + 26?
-1bc4
In base 15, what is 12 - ae?
-9c
In base 5, what is 34 - 224000?
-223411
In base 6, what is 41302 - -4?
41310
In base 4, what is 2 - -1212110?
1212112
In base 16, what is -3c9 + -1a?
-3e3
In base 5, what is -1003410323 - -2?
-1003410321
In base 4, what is 3 - -32310022?
32310031
In base 13, what is -1508a - 5?
-15092
In base 16, what is e887 + 29?
e8b0
In base 7, what is 234 + -2636?
-2402
In base 11, what is -4 - -42391a?
423916
In base 6, what is 1154411 - 2?
1154405
In base 15, what is -58 - -3a0?
347
In base 10, what is 1462311 + -1?
1462310
In base 10, what is 40 - -3373?
3413
In base 11, what is -3 - 37a851?
-37a854
In base 11, what is 5 - -13573?
13578
In base 3, what is -2 - 110202010000?
-110202010002
In base 11, what is -1669 + -2a7?
-1965
In base 11, what is -213 - -476?
263
In base 3, what is 20 + -222?
-202
In base 2, what is 11000001011101 + 10?
11000001011111
In base 2, what is -100011000 + -1000011?
-101011011
In base 14, what is 56 + 1?
57
In base 15, what is a806 + -3?
a803
In base 3, what is 200000 - -112011?
1012011
In base 2, what is -100110 + 1010110000?
1010001010
In base 13, what is -471 + 85?
-3b9
In base 5, what is 10 + -440400000?
-440344440
In base 8, what is 2 + -61514?
-61512
In base 7, what is -1663 + -1026?
-3022
In base 12, what is -17b47 + 4?
-17b43
In base 8, what is 3 - -571312?
571315
In base 11, what is -80643 - 8?
-80650
In base 4, what is -222312 - 1102?
-230020
In base 10, what is 1788 - 17?
1771
In base 9, what is -14743 + -226?
-15070
In base 4, what is 12 - -12121203?
12121221
In base 14, what is 2 + -5b327?
-5b325
In base 4, what is -2032 - -332?
-1100
In base 16, what is -6 - f40?
-f46
In base 10, what is 0 - 62338?
-62338
In base 7, what is 54 - 160043?
-156656
In base 7, what is -3 - -16633?
16630
In base 8, what is 154 + -4414?
-4240
In base 7, what is 3 + 412633?
412636
In base 13, what is -25 + -438?
-460
In base 8, what is -13662 - -160?
-13502
In base 14, what is 5bbd + 11b?
5cda
In base 8, what is -1 - -3012217?
3012216
In base 7, what is -6 + 51442?
51433
In base 9, what is 73577 + 4?
73582
In base 16, what is -10449 + 1?
-10448
In base 16, what is -c9 + -962?
-a2b
In base 5, what is -33 - -10110103?
10110020
In base 12, what is 243 - 59?
1a6
In base 10, what is -24991 - 5?
-24996
In base 14, what is -64291 - 4?
-64295
In base 6, what is 5 + 121000?
121005
In base 8, what is -61 + 1526?
1445
In base 14, what is 3102 + 10?
3112
In base 7, what is 4 + -33323?
-33316
In base 14, what is 365 + 2827?
2b8c
In base 4, what is 300 + 1321231?
1322131
In base 3, what is -212202002202 + 12?
-212202002120
In base 4, what is 10231231 + -10?
10231221
In base 3, what is -212210 - 201211?
-1121121
In base 11, what is -4 + -7864?
-7868
In base 9, what is -602 - 46?
-648
In base 10, what is -28 - -1912?
1884
In base 2, what is -100 + 100110110110?
100110110010
In base 14, what is -1680d - 8?
-16817
In base 13, what is b9a - -25?
bc2
In base 11, what is -738 - -a?
-729
In base 16, what is -5 + -7bb9?
-7bbe
In base 13, what is -b67 + 0?
-b67
In base 4, what is 2 + 133322011?
133322013
In base 5, what is -101023 - -10?
-101013
In base 12, what is -1636 - 195?
-180b
In base 7, what is 6 - -111200?
111206
In base 7, what is -2 + -14033?
-14035
In base 11, what is 46a + 253?
712
In base 3, what is 110120 - 1200?
101220
In base 7, what is -13020 - 21?
-13041
In base 9, what is -73234 - -3?
-73231
In base 7, what is 5165 - -43?
5241
In base 5, what is 2423234043 - 0?
2423234043
In base 15, what is 3021 - 2a?
2ee6
In base 10, what is 10 - 13483?
-13473
In base 4, what is -10 - 3030330?
-3031000
In base 11, what is -1a458 - -9?
-1a44a
In base 10, what is 4 + -202373?
-202369
In base 4, what is -321120133 + -10?
-321120203
In base 8, what is 775 + 1?
776
In base 4, what is 0 + 213031103?
213031103
In base 11, what is 91a - 4?
916
In base 4, what is 2303 + -12001?
-3032
In base 2, what is 1101 + 111100011010101?
111100011100010
In base 3, what is 11 + 202002222?
202010010
In base 2, what is -1001111 + 100000000?
10110001
In base 10, what is -5 - -68089?
68084
In base 3, what is -1011202021 - -112?
-1011201202
In base 4, what is 2 + 1311003132?
1311003200
In base 14, what is -12 - -6d6a?
6d58
In base 6, what is 325 - 21434?
-21105
In base 12, what is 212 + -1b63?
-1951
In base 14, what is -7 - -204a?
2043
In base 10, what is -909 - 2471?
-3380
In base 8, what is -2 - -6630?
6626
In base 6, what is -1 - -4023355?
4023354
In base 2, what is 10010110 + 100011001101110?
100011100000100
In base 4, what is -10 + -1233311?
-1233321
In base 12, what is 1466 - -27?
1491
In base 14, what is -145c8 + -18?
-14602
In base 10, what is -3598 - 10?
-3608
In base 16, what is 5 + 1cee?
1cf3
In base 13, what is -24 + 1143?
111c
In base 8, what is -1 - -6761?
6760
In base 9, what is -1254 - -130?
-1124
In base 2, what is 100100111 - 111011?
11101100
In base 11, what is -1 - -9a80?
9a7a
In base 2, what is -11111111101000101 + 11?
-11111111101000010
In base 8, what is 163 + -44?
117
In base 14, what is -6019 + -1b?
-6036
In base 15, what is 1c + -598?
-57b
In base 3, what is 20 + -21121012?
-21120222
In base 8, what is 247643 - 14?
247627
In base 13, what is 213b5 + 2?
213b7
In base 9, what is 5825 - 22?
5803
In base 5, what is 121 - 3123034?
-3122413
In base 12, what is -7962 + 175?
-77a9
In base 6, what is -1222 - 312?
-1534
In base 15, what is -695 + -e?
-6a4
In base 8, what is 2130 + -140?
1770
In base 11, what is 10 - 183?
-173
In base 8, what is 3 - -510735?
510740
In base 14, what is 4 + -34d76?
-34d72
In base 9, what is 4 - -5360?
5364
In base 13, what is 412 + 22?
434
In base 16, what is 35c2 + 7c?
363e
In base 4, what is 12113 - -101112?
113231
In base 4, what is 13032 - 1123313?
-1110221
In base 12, what is 6 - 177b12?
-177b08
In base 12, what is 1b + a2759?
a2778
In base 6, what is -2105 + 2230?
121
In base 16, what is 61ef + -26?
61c9
In base 3, what is -10202 - 10?
-10212
In base 13, what is -b7c - 331?
-11b0
In base 6, what is -21021 + 21?
-21000
In base 2, what is 101011 - -1001000000?
1001101011
In base 9, what is 122 - -1468?
1601
In base 6, what is -125530 - 130?
-130100
In base 10, what is 1 + -291?
-290
In base 14, what is -3 + 6902?
68dd
In base 3, what is -10 - -111020120202?
111020120122
In base 7, what is 245235 + 2?
245240
In base 2, what is 10101010101111111100 + 100?
10101010110000000000
In base 14, what is 46 + 18809?
18851
In base 12, what is -3080 - -1b?
-3061
In base 6, what is 5 - 1104525?
-1104520
In base 4, what is 2012 - 100120?
-32102
In base 2, what is 100101 - -10010011011?
10011000000
In base 16, what is -6a74c + 5?
-6a747
In base 10, what is 12178 - 2?
12176
In base 6, what is 1524152 + 3?
1524155
In base 9, what is -1 + 21433?
21432
In base 6, what is 2232 - 14?
2214
In base 6, what is 12 + 54104?
54120
In base 14, what is 2a0 - 33c?
-7c
In base 8, what is -1547247 + 5?
-1547242
In base 6, what is 104 + 